{"id":76,"date":"2008-04-18T10:52:47","date_gmt":"2008-04-18T09:52:47","guid":{"rendered":"http:\/\/www.jugulaire.fr\/?p=76"},"modified":"2016-08-06T13:43:32","modified_gmt":"2016-08-06T12:43:32","slug":"unique-et-ludique","status":"publish","type":"page","link":"https:\/\/www.jugulaire.fr\/wordpress\/unique-et-ludique\/","title":{"rendered":"Unique et ludique"},"content":{"rendered":"<p>G B7 Em Am G F C D7<br \/>\nG B7 Em A7 A7 Am7 Am7 B<br \/>\nEm Em A A Dm7 G<br \/>\nC Am\/F# F7 D7 (bis)<br \/>\nG D7 Fm C (bis)<\/p>\n<p>Unique et ludique<br \/>\nEt bon pour la sant\u00e9<br \/>\nC&rsquo;est la pratique id\u00e9ale pour se d\u00e9-stresser.<br \/>\nUnique et ludique<br \/>\nSeul ou accompagn\u00e9,<br \/>\nPromener balader<br \/>\nC&rsquo;est un vrai plaisir rien que d&rsquo;y penser<\/p>\n<p>Unique et ludique<br \/>\nEt non l\u00e9gif\u00e9r\u00e9<br \/>\nC&rsquo;est la pratique qui lib\u00e8re les pens\u00e9es<br \/>\nUnique et ludique<br \/>\nAvec un bon K-way.<br \/>\nPromener balader<br \/>\nC&rsquo;est un vrai plaisir rien que d&rsquo;y penser<\/p>\n<p>Si on allait se ballader !<br \/>\nSans s&#8217;emballer, mais d&rsquo;avoir cent balais&#8230;<br \/>\nJust you and me on the seaside.<br \/>\nJuste toi et moi sur cette plage&#8230;<\/p>\n<p>Unique et ludique<br \/>\nEn toute libert\u00e9<br \/>\nC&rsquo;est la nature qui rappelle de respirer<br \/>\nUnique et ludique<br \/>\nPar monts et par vall\u00e9es,<br \/>\nPromener balader<br \/>\nC&rsquo;est un vrai plaisir rien que d&rsquo;y penser<\/p>\n","protected":false},"excerpt":{"rendered":"<p>G B7 Em Am G F C D7 G B7 Em A7 A7 Am7 Am7 B Em Em A A Dm7 G C Am\/F# F7 D7 (bis) G D7 Fm C (bis) Unique et ludique Et bon pour la sant\u00e9 C&rsquo;est la pratique id\u00e9ale pour se d\u00e9-stresser. Unique et ludique Seul ou accompagn\u00e9, Promener balader &hellip; <a href=\"https:\/\/www.jugulaire.fr\/wordpress\/unique-et-ludique\/\" class=\"more-link\">Continuer la lecture de <span class=\"screen-reader-text\">Unique et ludique<\/span> <span class=\"meta-nav\">&rarr;<\/span><\/a><\/p>\n","protected":false},"author":1,"featured_media":0,"parent":0,"menu_order":0,"comment_status":"closed","ping_status":"closed","template":"","meta":{"footnotes":""},"class_list":["post-76","page","type-page","status-publish","hentry"],"_links":{"self":[{"href":"https:\/\/www.jugulaire.fr\/wordpress\/wp-json\/wp\/v2\/pages\/76","targetHints":{"allow":["GET"]}}],"collection":[{"href":"https:\/\/www.jugulaire.fr\/wordpress\/wp-json\/wp\/v2\/pages"}],"about":[{"href":"https:\/\/www.jugulaire.fr\/wordpress\/wp-json\/wp\/v2\/types\/page"}],"author":[{"embeddable":true,"href":"https:\/\/www.jugulaire.fr\/wordpress\/wp-json\/wp\/v2\/users\/1"}],"replies":[{"embeddable":true,"href":"https:\/\/www.jugulaire.fr\/wordpress\/wp-json\/wp\/v2\/comments?post=76"}],"version-history":[{"count":3,"href":"https:\/\/www.jugulaire.fr\/wordpress\/wp-json\/wp\/v2\/pages\/76\/revisions"}],"predecessor-version":[{"id":1440,"href":"https:\/\/www.jugulaire.fr\/wordpress\/wp-json\/wp\/v2\/pages\/76\/revisions\/1440"}],"wp:attachment":[{"href":"https:\/\/www.jugulaire.fr\/wordpress\/wp-json\/wp\/v2\/media?parent=76"}],"curies":[{"name":"wp","href":"https:\/\/api.w.org\/{rel}","templated":true}]}}