{"id":74,"date":"2008-04-18T10:48:54","date_gmt":"2008-04-18T09:48:54","guid":{"rendered":"http:\/\/www.jugulaire.fr\/?p=74"},"modified":"2023-04-23T18:30:37","modified_gmt":"2023-04-23T17:30:37","slug":"lapostrophe-du-kid","status":"publish","type":"page","link":"https:\/\/www.jugulaire.fr\/wordpress\/lapostrophe-du-kid\/","title":{"rendered":"L&rsquo;apostrophe (du kid)"},"content":{"rendered":"<p>couplet =<br \/>\nAbm E Eb Abm<br \/>\nAbm E Eb Abm<br \/>\nE Eb,Abm Bb Eb,Abm<br \/>\nE Eb,Abm Bb Eb,Abm<br \/>\nAbm -&gt; b b<\/p>\n<p>(couplet 1)<br \/>\nMinette affine sa silhouette<br \/>\nEt choisit ce qu&rsquo;elle met dessus<br \/>\nLorsqu&rsquo;elle est enfin satisfaite<br \/>\nDe ses habits, du choix de sa tenue<br \/>\nMinette file vite \u00e0\u00a0 la sauvette<br \/>\nMais polisson lui a bien vu<br \/>\nSur la couture de sa jupette<br \/>\nIl y a un fil, polisson tire dessus<\/p>\n<p>(couplet 2)<br \/>\nMinette souhaite que polisson la laisse<br \/>\nFeuilleter tranquillement ses revues<br \/>\nPolisson lui pique ses boules Qui\u00e8s<br \/>\nEt part avec, jouer dans la rue<br \/>\nMinette menace \u00ab\u00a0gare \u00e0\u00a0 tes fesses\u00a0\u00bb<br \/>\nL\u00e0\u00a0 au moins il est pr\u00e9venu<br \/>\nQuand polisson retourne la politesse<br \/>\nImaginez ce qu&rsquo;elle a r\u00e9pondu<\/p>\n<p>(refrain)<br \/>\nHey hey si je t&rsquo;attrappe<br \/>\nJe ne donne pas cher de ta peau<br \/>\nHey hey si tu d\u00e9rapes<br \/>\nJe ne te ferai pas de cadeau<br \/>\nHey hey polisson sage comme une image<br \/>\nArr\u00eates ton cirque-rod\u00e9o<br \/>\nSinon je vais m&rsquo;en plaindre au dirlo !<\/p>\n<p>(couplet 3)<br \/>\nSautant sur les soldes, Minette<br \/>\nFait du shopping sur l&rsquo;avenue<br \/>\nLa cabine d&rsquo;essayage se pr\u00eat<br \/>\nA une malheureuse d\u00e9convenue<br \/>\nMinette ignore le vilain coup de stress<br \/>\nQui se pr\u00e9pare \u00e0\u00a0 son insu<br \/>\nSous le rideau polisson se baisse<br \/>\nPour la photographier toute nue.<\/p>\n<p>(couplet 4)<br \/>\nMis sur le compte de sa jeunesse<br \/>\nOn lui tol\u00e8re toutes ses b\u00e9vues<br \/>\nMais il faut bien que cela cesse<br \/>\nEt un jour polisson f\u00fbt d\u00e9\u00e7u<br \/>\nAyant besoin d&rsquo;un peu de tendresse<br \/>\nLe r\u00e9confort lui f\u00fbt d\u00e9fendu<br \/>\nLui notifiant toutes ses promesses<br \/>\nMinette tourna les talons et dispar\u00fbt.<\/p>\n","protected":false},"excerpt":{"rendered":"<p>couplet = Abm E Eb Abm Abm E Eb Abm E Eb,Abm Bb Eb,Abm E Eb,Abm Bb Eb,Abm Abm -&gt; b b (couplet 1) Minette affine sa silhouette Et choisit ce qu&rsquo;elle met dessus Lorsqu&rsquo;elle est enfin satisfaite De ses habits, du choix de sa tenue Minette file vite \u00e0\u00a0 la sauvette Mais polisson lui &hellip; <a href=\"https:\/\/www.jugulaire.fr\/wordpress\/lapostrophe-du-kid\/\" class=\"more-link\">Continuer la lecture de <span class=\"screen-reader-text\">L&rsquo;apostrophe (du kid)<\/span> <span class=\"meta-nav\">&rarr;<\/span><\/a><\/p>\n","protected":false},"author":1,"featured_media":0,"parent":0,"menu_order":0,"comment_status":"closed","ping_status":"closed","template":"","meta":{"footnotes":""},"class_list":["post-74","page","type-page","status-publish","hentry"],"_links":{"self":[{"href":"https:\/\/www.jugulaire.fr\/wordpress\/wp-json\/wp\/v2\/pages\/74","targetHints":{"allow":["GET"]}}],"collection":[{"href":"https:\/\/www.jugulaire.fr\/wordpress\/wp-json\/wp\/v2\/pages"}],"about":[{"href":"https:\/\/www.jugulaire.fr\/wordpress\/wp-json\/wp\/v2\/types\/page"}],"author":[{"embeddable":true,"href":"https:\/\/www.jugulaire.fr\/wordpress\/wp-json\/wp\/v2\/users\/1"}],"replies":[{"embeddable":true,"href":"https:\/\/www.jugulaire.fr\/wordpress\/wp-json\/wp\/v2\/comments?post=74"}],"version-history":[{"count":2,"href":"https:\/\/www.jugulaire.fr\/wordpress\/wp-json\/wp\/v2\/pages\/74\/revisions"}],"predecessor-version":[{"id":2656,"href":"https:\/\/www.jugulaire.fr\/wordpress\/wp-json\/wp\/v2\/pages\/74\/revisions\/2656"}],"wp:attachment":[{"href":"https:\/\/www.jugulaire.fr\/wordpress\/wp-json\/wp\/v2\/media?parent=74"}],"curies":[{"name":"wp","href":"https:\/\/api.w.org\/{rel}","templated":true}]}}