{"id":2923,"date":"2025-10-06T09:14:52","date_gmt":"2025-10-06T08:14:52","guid":{"rendered":"https:\/\/www.jugulaire.fr\/wordpress\/?page_id=2923"},"modified":"2026-01-23T11:25:30","modified_gmt":"2026-01-23T10:25:30","slug":"quadrature","status":"publish","type":"page","link":"https:\/\/www.jugulaire.fr\/wordpress\/quadrature\/","title":{"rendered":"Quadrature"},"content":{"rendered":"<div class=\"wp-playlist wp-audio-playlist wp-playlist-light\">\n\t\t\t<div class=\"wp-playlist-current-item\"><\/div>\n\t\t<audio controls=\"controls\" preload=\"none\" width=\"582\"\n\t\t\t><\/audio>\n\t<div class=\"wp-playlist-next\"><\/div>\n\t<div class=\"wp-playlist-prev\"><\/div>\n\t<noscript>\n\t<ol>\n\t\t<li><a href='https:\/\/www.jugulaire.fr\/wordpress\/wp-content\/uploads\/Jug-Lathanor-en-nous-2025-09-24.mp3'>Jug - L'athanor en nous - 2025 09 24<\/a><\/li><li><a href='https:\/\/www.jugulaire.fr\/wordpress\/wp-content\/uploads\/Jug-Nom-love-de-mon-velo-2025-09-14.mp3'>Jug - Nom lov\u00e9 de mon v\u00e9lo - 2025 09 14<\/a><\/li><li><a href='https:\/\/www.jugulaire.fr\/wordpress\/wp-content\/uploads\/Jug-Jamais-y-arriver-2025-09-24.mp3'>Jug - Jamais y arriver - 2025 09 24<\/a><\/li><li><a href='https:\/\/www.jugulaire.fr\/wordpress\/wp-content\/uploads\/Jug-Au-tournois-des-sournois-sourds-2025-09-14.mp3'>Jug - Au tournois des sournois sourds - 2025 09 14<\/a><\/li><li><a href='https:\/\/www.jugulaire.fr\/wordpress\/wp-content\/uploads\/Jug-Conseils-rabat-joie-2025-09-14.mp3'>Jug - Conseils rabat-joie - 2025 09 14<\/a><\/li>\t<\/ol>\n\t<\/noscript>\n\t<script type=\"application\/json\" class=\"wp-playlist-script\">{\"type\":\"audio\",\"tracklist\":true,\"tracknumbers\":true,\"images\":true,\"artists\":true,\"tracks\":[{\"src\":\"https:\/\/www.jugulaire.fr\/wordpress\/wp-content\/uploads\/Jug-Lathanor-en-nous-2025-09-24.mp3\",\"type\":\"audio\/mpeg\",\"title\":\"Jug - L'athanor en nous - 2025 09 24\",\"caption\":\"\",\"description\":\"\",\"meta\":{\"artist\":\"Jug\",\"album\":\"Quadrature\",\"year\":\"2025\",\"length_formatted\":\"4:04\"},\"image\":{\"src\":\"https:\/\/www.jugulaire.fr\/wordpress\/wp-includes\/images\/media\/audio.svg\",\"width\":48,\"height\":64},\"thumb\":{\"src\":\"https:\/\/www.jugulaire.fr\/wordpress\/wp-includes\/images\/media\/audio.svg\",\"width\":48,\"height\":64}},{\"src\":\"https:\/\/www.jugulaire.fr\/wordpress\/wp-content\/uploads\/Jug-Nom-love-de-mon-velo-2025-09-14.mp3\",\"type\":\"audio\/mpeg\",\"title\":\"Jug - Nom lov\\u00e9 de mon v\\u00e9lo - 2025 09 14\",\"caption\":\"\",\"description\":\"\",\"meta\":{\"artist\":\"Jug\",\"album\":\"Quadrature\",\"year\":\"2025\",\"length_formatted\":\"3:29\"},\"image\":{\"src\":\"https:\/\/www.jugulaire.fr\/wordpress\/wp-includes\/images\/media\/audio.svg\",\"width\":48,\"height\":64},\"thumb\":{\"src\":\"https:\/\/www.jugulaire.fr\/wordpress\/wp-includes\/images\/media\/audio.svg\",\"width\":48,\"height\":64}},{\"src\":\"https:\/\/www.jugulaire.fr\/wordpress\/wp-content\/uploads\/Jug-Jamais-y-arriver-2025-09-24.mp3\",\"type\":\"audio\/mpeg\",\"title\":\"Jug - Jamais y arriver - 2025 09 24\",\"caption\":\"\",\"description\":\"\",\"meta\":{\"artist\":\"Jug\",\"album\":\"Quadrature\",\"year\":\"2025\",\"length_formatted\":\"3:54\"},\"image\":{\"src\":\"https:\/\/www.jugulaire.fr\/wordpress\/wp-includes\/images\/media\/audio.svg\",\"width\":48,\"height\":64},\"thumb\":{\"src\":\"https:\/\/www.jugulaire.fr\/wordpress\/wp-includes\/images\/media\/audio.svg\",\"width\":48,\"height\":64}},{\"src\":\"https:\/\/www.jugulaire.fr\/wordpress\/wp-content\/uploads\/Jug-Au-tournois-des-sournois-sourds-2025-09-14.mp3\",\"type\":\"audio\/mpeg\",\"title\":\"Jug - Au tournois des sournois sourds - 2025 09 14\",\"caption\":\"\",\"description\":\"\",\"meta\":{\"artist\":\"Jug\",\"album\":\"Quadrature\",\"year\":\"2025\",\"length_formatted\":\"3:13\"},\"image\":{\"src\":\"https:\/\/www.jugulaire.fr\/wordpress\/wp-includes\/images\/media\/audio.svg\",\"width\":48,\"height\":64},\"thumb\":{\"src\":\"https:\/\/www.jugulaire.fr\/wordpress\/wp-includes\/images\/media\/audio.svg\",\"width\":48,\"height\":64}},{\"src\":\"https:\/\/www.jugulaire.fr\/wordpress\/wp-content\/uploads\/Jug-Conseils-rabat-joie-2025-09-14.mp3\",\"type\":\"audio\/mpeg\",\"title\":\"Jug - Conseils rabat-joie - 2025 09 14\",\"caption\":\"\",\"description\":\"\",\"meta\":{\"artist\":\"Jug\",\"album\":\"Quadrature\",\"year\":\"2025\",\"length_formatted\":\"4:28\"},\"image\":{\"src\":\"https:\/\/www.jugulaire.fr\/wordpress\/wp-includes\/images\/media\/audio.svg\",\"width\":48,\"height\":64},\"thumb\":{\"src\":\"https:\/\/www.jugulaire.fr\/wordpress\/wp-includes\/images\/media\/audio.svg\",\"width\":48,\"height\":64}}]}<\/script>\n<\/div>\n\t\n\n\n<ul class=\"wp-block-list\">\n<li><strong><a href=\"https:\/\/www.jugulaire.fr\/wordpress\/lathanor-en-nous\/\" data-type=\"page\" data-id=\"2897\">L&rsquo;athanor en nous<\/a><\/strong><\/li>\n\n\n\n<li><strong><a href=\"https:\/\/www.jugulaire.fr\/wordpress\/nom-love-de-mon-velo\/\" data-type=\"page\" data-id=\"2900\">Nom lov\u00e9 de mon v\u00e9lo<\/a><\/strong><\/li>\n\n\n\n<li><strong><a href=\"https:\/\/www.jugulaire.fr\/wordpress\/jamais-y-arriver\/\" data-type=\"page\" data-id=\"2903\">Jamais y arriver<\/a><\/strong><\/li>\n\n\n\n<li><strong><a href=\"https:\/\/www.jugulaire.fr\/wordpress\/au-tournois-des-sournois-sourds\/\" data-type=\"page\" data-id=\"2889\">Au tournois des sournois sourds<\/a><\/strong><\/li>\n\n\n\n<li><strong><a href=\"https:\/\/www.jugulaire.fr\/wordpress\/conseils-rabat-joie\/\" data-type=\"page\" data-id=\"2910\">Conseils rabat-joie<\/a><\/strong><\/li>\n<\/ul>\n\n\n\n<p><em>Le mec, anciennement de Ilion et de Cobaye, <em>celui aux homonymes qui gardent du jus pour faire le lien, <\/em>continue de pondre de nouveaux morceaux de temps en temps dans son coin.<\/em><\/p>\n\n\n\n<p><em> Son projet musical est actuellement un album nomm\u00e9 Quadrature, dont les cr\u00e9ations englu\u00e9es dans l&rsquo;existence mat\u00e9rielle de leur inventeur ne peuvent \u00eatre d\u00e9livr\u00e9es en une seule fois.<\/em> <em> Se consolant sur son piano et sa guitare de savoir que l&rsquo;univers lui-m\u00eame ne s&rsquo;est pas fait en sept jours et serait actuellement toujours en expansion, tout comme les titres \u00e0 venir, voici d\u00e8s lors cinq nouvelles chansons dont Jug e\u00fbt l&rsquo;air. <\/em><\/p>\n\n\n\n<p><em>Bonne \u00e9coute de ce premier assortiment de 19 minutes musique artisanale.<\/em><\/p>\n\n\n\n<p><\/p>\n\n\n\n<p><\/p>\n","protected":false},"excerpt":{"rendered":"<p>Le mec, anciennement de Ilion et de Cobaye, celui aux homonymes qui gardent du jus pour faire le lien, continue de pondre de nouveaux morceaux de temps en temps dans son coin. Son projet musical est actuellement un album nomm\u00e9 Quadrature, dont les cr\u00e9ations englu\u00e9es dans l&rsquo;existence mat\u00e9rielle de leur inventeur ne peuvent \u00eatre d\u00e9livr\u00e9es &hellip; <a href=\"https:\/\/www.jugulaire.fr\/wordpress\/quadrature\/\" class=\"more-link\">Continuer la lecture de <span class=\"screen-reader-text\">Quadrature<\/span> <span class=\"meta-nav\">&rarr;<\/span><\/a><\/p>\n","protected":false},"author":1,"featured_media":0,"parent":0,"menu_order":0,"comment_status":"closed","ping_status":"closed","template":"","meta":{"footnotes":""},"class_list":["post-2923","page","type-page","status-publish","hentry"],"_links":{"self":[{"href":"https:\/\/www.jugulaire.fr\/wordpress\/wp-json\/wp\/v2\/pages\/2923","targetHints":{"allow":["GET"]}}],"collection":[{"href":"https:\/\/www.jugulaire.fr\/wordpress\/wp-json\/wp\/v2\/pages"}],"about":[{"href":"https:\/\/www.jugulaire.fr\/wordpress\/wp-json\/wp\/v2\/types\/page"}],"author":[{"embeddable":true,"href":"https:\/\/www.jugulaire.fr\/wordpress\/wp-json\/wp\/v2\/users\/1"}],"replies":[{"embeddable":true,"href":"https:\/\/www.jugulaire.fr\/wordpress\/wp-json\/wp\/v2\/comments?post=2923"}],"version-history":[{"count":11,"href":"https:\/\/www.jugulaire.fr\/wordpress\/wp-json\/wp\/v2\/pages\/2923\/revisions"}],"predecessor-version":[{"id":2977,"href":"https:\/\/www.jugulaire.fr\/wordpress\/wp-json\/wp\/v2\/pages\/2923\/revisions\/2977"}],"wp:attachment":[{"href":"https:\/\/www.jugulaire.fr\/wordpress\/wp-json\/wp\/v2\/media?parent=2923"}],"curies":[{"name":"wp","href":"https:\/\/api.w.org\/{rel}","templated":true}]}}