{"id":2897,"date":"2025-10-06T08:13:59","date_gmt":"2025-10-06T07:13:59","guid":{"rendered":"https:\/\/www.jugulaire.fr\/wordpress\/?page_id=2897"},"modified":"2025-10-06T09:22:43","modified_gmt":"2025-10-06T08:22:43","slug":"lathanor-en-nous","status":"publish","type":"page","link":"https:\/\/www.jugulaire.fr\/wordpress\/lathanor-en-nous\/","title":{"rendered":"L&rsquo;athanor en nous"},"content":{"rendered":"\n<figure class=\"wp-block-audio\"><audio controls src=\"https:\/\/www.jugulaire.fr\/wordpress\/wp-content\/uploads\/Jug-Lathanor-en-nous-2025-09-24.mp3\"><\/audio><\/figure>\n\n\n\n<p><em>(1 = 104 bpm riff : Dm7 G6<br>couplet : CM7, Dm7, Em7, F, F\/G x2 )<\/em><\/p>\n\n\n\n<p><strong>Double de temps depuis que j\u2019\u00e9crivais mes espoirs, mes regrets<br>Double de temps, je n\u2019osais all\u00e9guer que vous \u00e9couteriez.<\/strong><\/p>\n\n\n\n<p><em>(refrain : C, Am, F, F\/G, C, Bdim7, E E\/G#, F, F\/G)<\/em><\/p>\n\n\n\n<p><strong>Ces accords qui r\u00e9sonnent encore<br>Comme un effort dans la m\u00e9taphore de l\u2019athanor<br>Mais je ne suis pas dehors pour les chanter fou<\/strong><\/p>\n\n\n\n<p><em>(2)<\/em><br><strong>(De ce) Double de temps se sont \u00e9coul\u00e9es bien d\u2019autres nouveaut\u00e9s<br>Trouble \u00e9vident de les r\u00e9\u00e9couter (et) du temps que \u00e7a prendrait<\/strong><\/p>\n\n\n\n<p><strong>(Pour que mes) jeux d\u2019accords r\u00e9sonnent encore<br>Comme un effort dans la m\u00e9taphore de l\u2019athanor<br>Je ne suis pas d\u2019accord pour dire qu\u2019on s\u2019en fout<\/strong><\/p>\n\n\n\n<p><em>(pont : Dm, G, C, F F\/E)<\/em><\/p>\n\n\n\n<p><strong>Double de temps est pass\u00e9<br>Double de temps, double de temps est pass\u00e9 par l\u00e0<br>Double de temps est pass\u00e9 d\u00e9pass\u00e9<\/strong> <em>+ F jazz<\/em><\/p>\n\n\n\n<p><em>(3)<\/em><br><strong>Double de temps au moins il me faudrait (\u00e0) la musique consacrer<br>Doubler le temps, tricoter, triturer, l\u00e0 o\u00f9 la musique na\u00eet.<\/strong><\/p>\n\n\n\n<p><strong>(De) colliers d\u2019accords qui me r\u00e9sonnent encore<br>Comme un effort dans la m\u00e9taphore de l\u2019athanor<br>Entendez-vous, d\u00e8s lors, l\u2019athanor en nous.<\/strong><\/p>\n\n\n\n<p><em>(refrain instrumental) <\/em><strong>L\u2019athanor en nous.<\/strong><\/p>\n\n\n\n<p><em>(pont ad libitum rock 144 bpm fade out)<\/em><\/p>\n","protected":false},"excerpt":{"rendered":"<p>(1 = 104 bpm riff : Dm7 G6couplet : CM7, Dm7, Em7, F, F\/G x2 ) Double de temps depuis que j\u2019\u00e9crivais mes espoirs, mes regretsDouble de temps, je n\u2019osais all\u00e9guer que vous \u00e9couteriez. (refrain : C, Am, F, F\/G, C, Bdim7, E E\/G#, F, F\/G) Ces accords qui r\u00e9sonnent encoreComme un effort dans la &hellip; <a href=\"https:\/\/www.jugulaire.fr\/wordpress\/lathanor-en-nous\/\" class=\"more-link\">Continuer la lecture de <span class=\"screen-reader-text\">L&rsquo;athanor en nous<\/span> <span class=\"meta-nav\">&rarr;<\/span><\/a><\/p>\n","protected":false},"author":1,"featured_media":0,"parent":0,"menu_order":0,"comment_status":"closed","ping_status":"closed","template":"","meta":{"footnotes":""},"class_list":["post-2897","page","type-page","status-publish","hentry"],"_links":{"self":[{"href":"https:\/\/www.jugulaire.fr\/wordpress\/wp-json\/wp\/v2\/pages\/2897","targetHints":{"allow":["GET"]}}],"collection":[{"href":"https:\/\/www.jugulaire.fr\/wordpress\/wp-json\/wp\/v2\/pages"}],"about":[{"href":"https:\/\/www.jugulaire.fr\/wordpress\/wp-json\/wp\/v2\/types\/page"}],"author":[{"embeddable":true,"href":"https:\/\/www.jugulaire.fr\/wordpress\/wp-json\/wp\/v2\/users\/1"}],"replies":[{"embeddable":true,"href":"https:\/\/www.jugulaire.fr\/wordpress\/wp-json\/wp\/v2\/comments?post=2897"}],"version-history":[{"count":2,"href":"https:\/\/www.jugulaire.fr\/wordpress\/wp-json\/wp\/v2\/pages\/2897\/revisions"}],"predecessor-version":[{"id":2929,"href":"https:\/\/www.jugulaire.fr\/wordpress\/wp-json\/wp\/v2\/pages\/2897\/revisions\/2929"}],"wp:attachment":[{"href":"https:\/\/www.jugulaire.fr\/wordpress\/wp-json\/wp\/v2\/media?parent=2897"}],"curies":[{"name":"wp","href":"https:\/\/api.w.org\/{rel}","templated":true}]}}