{"id":2660,"date":"2023-04-25T13:05:05","date_gmt":"2023-04-25T12:05:05","guid":{"rendered":"https:\/\/www.jugulaire.fr\/wordpress\/?page_id=2660"},"modified":"2023-07-08T13:16:16","modified_gmt":"2023-07-08T12:16:16","slug":"paris-le-berger","status":"publish","type":"page","link":"https:\/\/www.jugulaire.fr\/wordpress\/paris-le-berger\/","title":{"rendered":"P\u00e2ris le berger"},"content":{"rendered":"\n<p>(ilion)<\/p>\n\n\n\n<p> (Garde &amp; Pommet\/Garde)<br><\/p>\n\n\n\n<figure class=\"wp-block-image size-large\"><a href=\"https:\/\/www.jugulaire.fr\/wordpress\/wp-content\/uploads\/Paris-le-berger-1.png\"><img loading=\"lazy\" decoding=\"async\" width=\"1024\" height=\"700\" src=\"https:\/\/www.jugulaire.fr\/wordpress\/wp-content\/uploads\/Paris-le-berger-1-1024x700.png\" alt=\"\" class=\"wp-image-2763\" srcset=\"https:\/\/www.jugulaire.fr\/wordpress\/wp-content\/uploads\/Paris-le-berger-1-1024x700.png 1024w, https:\/\/www.jugulaire.fr\/wordpress\/wp-content\/uploads\/Paris-le-berger-1-300x205.png 300w, https:\/\/www.jugulaire.fr\/wordpress\/wp-content\/uploads\/Paris-le-berger-1-768x525.png 768w, https:\/\/www.jugulaire.fr\/wordpress\/wp-content\/uploads\/Paris-le-berger-1-1536x1050.png 1536w, https:\/\/www.jugulaire.fr\/wordpress\/wp-content\/uploads\/Paris-le-berger-1-2048x1400.png 2048w\" sizes=\"auto, (max-width: 1024px) 100vw, 1024px\" \/><\/a><\/figure>\n\n\n\n<p>Le long des berges et dans les for\u00eats<br>Pauvre berger je suis h\u00e9berg\u00e9<br>Tous les arbres ici se sont courb\u00e9s<br>Leurs branches pli\u00e9es pour me prot\u00e9ger<br>De la pluie, du vent et du progr\u00e8s<br>Des chiens, des loups et m\u00eame des guerriers<br>Collines et rochers sont mon foyer<br>Mes remparts sont des champs d&rsquo;oliviers<\/p>\n\n\n\n<p>Mes murailles<br>Sont de paille<\/p>\n\n\n\n<p>Mon troupeau de brebis et de b\u00e9liers<br>Est sans doute bien plus civilis\u00e9<br>Que les troupes de soldats enrag\u00e9s<br>Dont les armes brillent dans la cit\u00e9<br>Point de corps sans vie comme troph\u00e9e<br>Mais des oiseaux et des fleurs des pr\u00e9s<br>Ce ne sont pas les m\u00eames lauriers<br>Je suis bien heureux de poss\u00e9der<\/p>\n\n\n\n<p>Des m\u00e9dailles<br>Sans batailles<\/p>\n","protected":false},"excerpt":{"rendered":"<p>(ilion) (Garde &amp; Pommet\/Garde) Le long des berges et dans les for\u00eatsPauvre berger je suis h\u00e9berg\u00e9Tous les arbres ici se sont courb\u00e9sLeurs branches pli\u00e9es pour me prot\u00e9gerDe la pluie, du vent et du progr\u00e8sDes chiens, des loups et m\u00eame des guerriersCollines et rochers sont mon foyerMes remparts sont des champs d&rsquo;oliviers Mes muraillesSont de paille &hellip; <a href=\"https:\/\/www.jugulaire.fr\/wordpress\/paris-le-berger\/\" class=\"more-link\">Continuer la lecture de <span class=\"screen-reader-text\">P\u00e2ris le berger<\/span> <span class=\"meta-nav\">&rarr;<\/span><\/a><\/p>\n","protected":false},"author":1,"featured_media":0,"parent":0,"menu_order":0,"comment_status":"closed","ping_status":"closed","template":"","meta":{"footnotes":""},"class_list":["post-2660","page","type-page","status-publish","hentry"],"_links":{"self":[{"href":"https:\/\/www.jugulaire.fr\/wordpress\/wp-json\/wp\/v2\/pages\/2660","targetHints":{"allow":["GET"]}}],"collection":[{"href":"https:\/\/www.jugulaire.fr\/wordpress\/wp-json\/wp\/v2\/pages"}],"about":[{"href":"https:\/\/www.jugulaire.fr\/wordpress\/wp-json\/wp\/v2\/types\/page"}],"author":[{"embeddable":true,"href":"https:\/\/www.jugulaire.fr\/wordpress\/wp-json\/wp\/v2\/users\/1"}],"replies":[{"embeddable":true,"href":"https:\/\/www.jugulaire.fr\/wordpress\/wp-json\/wp\/v2\/comments?post=2660"}],"version-history":[{"count":2,"href":"https:\/\/www.jugulaire.fr\/wordpress\/wp-json\/wp\/v2\/pages\/2660\/revisions"}],"predecessor-version":[{"id":2764,"href":"https:\/\/www.jugulaire.fr\/wordpress\/wp-json\/wp\/v2\/pages\/2660\/revisions\/2764"}],"wp:attachment":[{"href":"https:\/\/www.jugulaire.fr\/wordpress\/wp-json\/wp\/v2\/media?parent=2660"}],"curies":[{"name":"wp","href":"https:\/\/api.w.org\/{rel}","templated":true}]}}