{"id":2475,"date":"2021-12-05T17:38:04","date_gmt":"2021-12-05T16:38:04","guid":{"rendered":"https:\/\/www.jugulaire.fr\/wordpress\/?page_id=2475"},"modified":"2024-12-08T10:14:05","modified_gmt":"2024-12-08T09:14:05","slug":"dans-mon-grenier","status":"publish","type":"page","link":"https:\/\/www.jugulaire.fr\/wordpress\/dans-mon-grenier\/","title":{"rendered":"Dans mon grenier"},"content":{"rendered":"\n<figure class=\"wp-block-audio\"><audio controls src=\"https:\/\/www.jugulaire.fr\/wordpress\/wp-content\/uploads\/Jug-05-Dans-mon-grenier.mp3\"><\/audio><\/figure>\n\n\n<p>C# F#m C# F#m Bm F#m C# F#m C# C#7 A C#5+<br \/>\nA A B, G G A, E E B G# \u2026<\/p>\n<p><strong>Il y avait dans tous leurs greniers,<br \/>\nleurs vies pass\u00e9es laiss\u00e9es \u00e0 ma port\u00e9e,<br \/>\ncumul\u00e9es, entass\u00e9es dans leurs greniers<\/strong><\/p>\n<p><strong>Identit\u00e9s qui nous pr\u00e9c\u00e9daient,<br \/>\nsommes h\u00e9ritiers de vos pages tourn\u00e9es,<\/strong><br \/>\n<strong>honor\u00e9s, impr\u00e9gn\u00e9s des pages tourn\u00e9es<\/strong><\/p>\n<p><strong>Je garderai ou bien gommerai,<br \/>\npuis transmettrai mon propre grenier<\/strong><br \/>\n<strong>Brocantez, rel\u00e9guez, enracinez<\/strong><\/p>","protected":false},"excerpt":{"rendered":"<p>C# F#m C# F#m Bm F#m C# F#m C# C#7 A C#5+ A A B, G G A, E E B G# \u2026 Il y avait dans tous leurs greniers, leurs vies pass\u00e9es laiss\u00e9es \u00e0 ma port\u00e9e, cumul\u00e9es, entass\u00e9es dans leurs greniers Identit\u00e9s qui nous pr\u00e9c\u00e9daient, sommes h\u00e9ritiers de vos pages tourn\u00e9es, honor\u00e9s, impr\u00e9gn\u00e9s des &hellip; <a href=\"https:\/\/www.jugulaire.fr\/wordpress\/dans-mon-grenier\/\" class=\"more-link\">Continuer la lecture de <span class=\"screen-reader-text\">Dans mon grenier<\/span> <span class=\"meta-nav\">&rarr;<\/span><\/a><\/p>\n","protected":false},"author":1,"featured_media":0,"parent":0,"menu_order":0,"comment_status":"closed","ping_status":"closed","template":"","meta":{"footnotes":""},"class_list":["post-2475","page","type-page","status-publish","hentry"],"_links":{"self":[{"href":"https:\/\/www.jugulaire.fr\/wordpress\/wp-json\/wp\/v2\/pages\/2475","targetHints":{"allow":["GET"]}}],"collection":[{"href":"https:\/\/www.jugulaire.fr\/wordpress\/wp-json\/wp\/v2\/pages"}],"about":[{"href":"https:\/\/www.jugulaire.fr\/wordpress\/wp-json\/wp\/v2\/types\/page"}],"author":[{"embeddable":true,"href":"https:\/\/www.jugulaire.fr\/wordpress\/wp-json\/wp\/v2\/users\/1"}],"replies":[{"embeddable":true,"href":"https:\/\/www.jugulaire.fr\/wordpress\/wp-json\/wp\/v2\/comments?post=2475"}],"version-history":[{"count":2,"href":"https:\/\/www.jugulaire.fr\/wordpress\/wp-json\/wp\/v2\/pages\/2475\/revisions"}],"predecessor-version":[{"id":2869,"href":"https:\/\/www.jugulaire.fr\/wordpress\/wp-json\/wp\/v2\/pages\/2475\/revisions\/2869"}],"wp:attachment":[{"href":"https:\/\/www.jugulaire.fr\/wordpress\/wp-json\/wp\/v2\/media?parent=2475"}],"curies":[{"name":"wp","href":"https:\/\/api.w.org\/{rel}","templated":true}]}}