{"id":22,"date":"2006-08-14T04:50:57","date_gmt":"2006-08-14T03:50:57","guid":{"rendered":""},"modified":"2016-08-31T15:45:06","modified_gmt":"2016-08-31T14:45:06","slug":"plume-de-fer","status":"publish","type":"page","link":"https:\/\/www.jugulaire.fr\/wordpress\/plume-de-fer\/","title":{"rendered":"Plume de fer"},"content":{"rendered":"<p>[ Am  C D Dm<br \/>\nAm C E74 E<br \/>\nF G E\/G# Am<br \/>\nDm Dm\/C G4 G7 ]<\/p>\n<p>Elle \u00e9crit,<br \/>\nSi bien.<br \/>\nElle \u00e9crit,<br \/>\nDe loin.<br \/>\nElle m&rsquo;\u00e9crit sa vie,<br \/>\nEt elle poste mon chagrin.<br \/>\nElle m&rsquo;\u00e9crit<br \/>\nQue si demain<br \/>\nL&rsquo;un \u00e9crit pour rien,<br \/>\nL&rsquo;autre \u00e9crit le lendemain.<\/p>\n<p>Elle s&rsquo;\u00e9crit<br \/>\nQue bien<br \/>\nQue les cris<br \/>\nDes chiens<br \/>\nAccompagnent la vie,<br \/>\nEt attise le chagrin,<br \/>\nElle m&rsquo;\u00e9crit<br \/>\nQue si en vain<br \/>\nLes chiens aboient pour rien,<br \/>\nIls mangeront un jour dans nos mains.<\/p>\n<p>Affubl\u00e9 d&rsquo;une soutane<br \/>\nDevant mon lutrin,<br \/>\nMes paupi\u00e8res se fanent<br \/>\nMontre en main.<br \/>\nDe ma main<br \/>\nJe fa\u00e7onnerai<br \/>\nLes marches d&rsquo;escalier,<br \/>\nLe d\u00e9cor du sort<br \/>\nQue je gravirai.<\/p>\n<p>Vide de sens et sans envie de vie,<br \/>\nMes amis si loin,<br \/>\nEt au loin, mes ennemis.<br \/>\nMais casqu\u00e9 de ma soutane<br \/>\nEt serrant les poings,<br \/>\nMon fer de lance c&rsquo;est mon \u00e2me.<br \/>\nMa plume de fer t&rsquo;\u00e9crit<br \/>\nDemain.<\/p>\n<p>[ Am Am7 D Dm ]<\/p>\n<p>Et souviens toi,<br \/>\nRappelles-le moi,<br \/>\nc&rsquo;est b\u00eate mais<br \/>\nLes \u00e9toiles brillent toujours<br \/>\nm\u00eame quand on ne les regarde pas.<\/p>\n","protected":false},"excerpt":{"rendered":"<p>[ Am C D Dm Am C E74 E F G E\/G# Am Dm Dm\/C G4 G7 ] Elle \u00e9crit, Si bien. Elle \u00e9crit, De loin. Elle m&rsquo;\u00e9crit sa vie, Et elle poste mon chagrin. Elle m&rsquo;\u00e9crit Que si demain L&rsquo;un \u00e9crit pour rien, L&rsquo;autre \u00e9crit le lendemain. Elle s&rsquo;\u00e9crit Que bien Que les cris &hellip; <a href=\"https:\/\/www.jugulaire.fr\/wordpress\/plume-de-fer\/\" class=\"more-link\">Continuer la lecture de <span class=\"screen-reader-text\">Plume de fer<\/span> <span class=\"meta-nav\">&rarr;<\/span><\/a><\/p>\n","protected":false},"author":1,"featured_media":0,"parent":0,"menu_order":0,"comment_status":"closed","ping_status":"closed","template":"","meta":{"footnotes":""},"class_list":["post-22","page","type-page","status-publish","hentry"],"_links":{"self":[{"href":"https:\/\/www.jugulaire.fr\/wordpress\/wp-json\/wp\/v2\/pages\/22","targetHints":{"allow":["GET"]}}],"collection":[{"href":"https:\/\/www.jugulaire.fr\/wordpress\/wp-json\/wp\/v2\/pages"}],"about":[{"href":"https:\/\/www.jugulaire.fr\/wordpress\/wp-json\/wp\/v2\/types\/page"}],"author":[{"embeddable":true,"href":"https:\/\/www.jugulaire.fr\/wordpress\/wp-json\/wp\/v2\/users\/1"}],"replies":[{"embeddable":true,"href":"https:\/\/www.jugulaire.fr\/wordpress\/wp-json\/wp\/v2\/comments?post=22"}],"version-history":[{"count":2,"href":"https:\/\/www.jugulaire.fr\/wordpress\/wp-json\/wp\/v2\/pages\/22\/revisions"}],"predecessor-version":[{"id":1682,"href":"https:\/\/www.jugulaire.fr\/wordpress\/wp-json\/wp\/v2\/pages\/22\/revisions\/1682"}],"wp:attachment":[{"href":"https:\/\/www.jugulaire.fr\/wordpress\/wp-json\/wp\/v2\/media?parent=22"}],"curies":[{"name":"wp","href":"https:\/\/api.w.org\/{rel}","templated":true}]}}