{"id":2090,"date":"2021-10-24T18:05:22","date_gmt":"2021-10-24T17:05:22","guid":{"rendered":"https:\/\/www.jugulaire.fr\/wordpress\/?page_id=2090"},"modified":"2026-01-23T11:24:58","modified_gmt":"2026-01-23T10:24:58","slug":"albums-2","status":"publish","type":"page","link":"https:\/\/www.jugulaire.fr\/wordpress\/","title":{"rendered":"Discographie"},"content":{"rendered":"\n<div class=\"wp-block-media-text alignwide is-stacked-on-mobile\" style=\"grid-template-columns:26% auto\"><figure class=\"wp-block-media-text__media\"><a href=\"https:\/\/www.jugulaire.fr\/wordpress\/quadrature\/\"><img loading=\"lazy\" decoding=\"async\" width=\"1024\" height=\"1024\" src=\"https:\/\/www.jugulaire.fr\/wordpress\/wp-content\/uploads\/Quadrature-temporaire-1024x1024.png\" alt=\"\" class=\"wp-image-2974 size-full\" srcset=\"https:\/\/www.jugulaire.fr\/wordpress\/wp-content\/uploads\/Quadrature-temporaire-1024x1024.png 1024w, https:\/\/www.jugulaire.fr\/wordpress\/wp-content\/uploads\/Quadrature-temporaire-300x300.png 300w, https:\/\/www.jugulaire.fr\/wordpress\/wp-content\/uploads\/Quadrature-temporaire-150x150.png 150w, https:\/\/www.jugulaire.fr\/wordpress\/wp-content\/uploads\/Quadrature-temporaire-768x768.png 768w, https:\/\/www.jugulaire.fr\/wordpress\/wp-content\/uploads\/Quadrature-temporaire-1536x1536.png 1536w, https:\/\/www.jugulaire.fr\/wordpress\/wp-content\/uploads\/Quadrature-temporaire.png 1944w\" sizes=\"auto, (max-width: 1024px) 100vw, 1024px\" \/><\/a><\/figure><div class=\"wp-block-media-text__content\">\n<p><em>titre <\/em>: <strong><a href=\"https:\/\/www.jugulaire.fr\/wordpress\/quadrature\/\" data-type=\"page\" data-id=\"2923\">QUADRATURE<\/a><\/strong><br><em>ann\u00e9e <\/em>: <strong>2025 <\/strong>(48 ans)<br><em>cr\u00e9dits <\/em>: solo<br><em>contenu <\/em>: pour le moment 5 chansons (1\u00e8re partie sur 16 en cible ?)<br><em>dur\u00e9e <\/em>: 19 minutes<br><em>style <\/em>: &#8230;<br><em>th\u00e8me <\/em>: <em>&#8230;<\/em><br><em>symbole <\/em>: quatre<br><em>pochette album : <\/em>(temporaire)<\/p>\n<\/div><\/div>\n\n\n\n<div class=\"wp-block-media-text alignwide is-stacked-on-mobile\" style=\"grid-template-columns:26% auto\"><figure class=\"wp-block-media-text__media\"><a href=\"https:\/\/www.jugulaire.fr\/wordpress\/?page_id=1323\"><img loading=\"lazy\" decoding=\"async\" width=\"1024\" height=\"1024\" src=\"https:\/\/www.jugulaire.fr\/wordpress\/wp-content\/uploads\/2020-1-1024x1024.png\" alt=\"\" class=\"wp-image-2098 size-full\" srcset=\"https:\/\/www.jugulaire.fr\/wordpress\/wp-content\/uploads\/2020-1-1024x1024.png 1024w, https:\/\/www.jugulaire.fr\/wordpress\/wp-content\/uploads\/2020-1-300x300.png 300w, https:\/\/www.jugulaire.fr\/wordpress\/wp-content\/uploads\/2020-1-150x150.png 150w, https:\/\/www.jugulaire.fr\/wordpress\/wp-content\/uploads\/2020-1-768x768.png 768w, https:\/\/www.jugulaire.fr\/wordpress\/wp-content\/uploads\/2020-1-1536x1536.png 1536w, https:\/\/www.jugulaire.fr\/wordpress\/wp-content\/uploads\/2020-1.png 1944w\" sizes=\"auto, (max-width: 1024px) 100vw, 1024px\" \/><\/a><\/figure><div class=\"wp-block-media-text__content\">\n<p><em>titre <\/em>: <strong><a href=\"https:\/\/www.jugulaire.fr\/wordpress\/?page_id=1323\" data-type=\"page\" data-id=\"1323\">GRENIER<\/a><\/strong><br><em>ann\u00e9e <\/em>: <strong>2021 <\/strong>(44 ans)<br><em>cr\u00e9dits <\/em>: solo<br><em>contenu <\/em>: 7 chansons + 1 instrumental<br><em>dur\u00e9e <\/em>: 24 minutes<br><em>style <\/em>: songwriting catharsis <br><em>th\u00e8me <\/em>: l&rsquo;h\u00e9ritage<br><em>symbole <\/em>: air<\/p>\n<\/div><\/div>\n\n\n\n<div class=\"wp-block-media-text alignwide is-stacked-on-mobile\" style=\"grid-template-columns:25% auto\"><figure class=\"wp-block-media-text__media\"><a href=\"https:\/\/www.jugulaire.fr\/wordpress\/?page_id=1183\"><img loading=\"lazy\" decoding=\"async\" width=\"1024\" height=\"1024\" src=\"https:\/\/www.jugulaire.fr\/wordpress\/wp-content\/uploads\/2016-1024x1024.png\" alt=\"\" class=\"wp-image-2097 size-full\" srcset=\"https:\/\/www.jugulaire.fr\/wordpress\/wp-content\/uploads\/2016-1024x1024.png 1024w, https:\/\/www.jugulaire.fr\/wordpress\/wp-content\/uploads\/2016-300x300.png 300w, https:\/\/www.jugulaire.fr\/wordpress\/wp-content\/uploads\/2016-150x150.png 150w, https:\/\/www.jugulaire.fr\/wordpress\/wp-content\/uploads\/2016-768x768.png 768w, https:\/\/www.jugulaire.fr\/wordpress\/wp-content\/uploads\/2016-1536x1536.png 1536w, https:\/\/www.jugulaire.fr\/wordpress\/wp-content\/uploads\/2016.png 1944w\" sizes=\"auto, (max-width: 1024px) 100vw, 1024px\" \/><\/a><\/figure><div class=\"wp-block-media-text__content\">\n<p><em>titre <\/em>: <strong><a href=\"https:\/\/www.jugulaire.fr\/wordpress\/?page_id=1183\" data-type=\"page\" data-id=\"1183\" target=\"_blank\" rel=\"noreferrer noopener\">BALCON<\/a><\/strong><br><em>ann\u00e9e <\/em>: <strong>2016 <\/strong>(39 ans)<br><em>cr\u00e9dit <\/em>: solo<br><em>contenu <\/em>: 9 chansons<br><em>dur\u00e9e <\/em>: 24 minutes<br><em>style <\/em>: retour \u00e0 des chansons <br><em>th\u00e8me <\/em>: prise de recul<br><em>symbolique <\/em>: eau<\/p>\n<\/div><\/div>\n\n\n\n<div class=\"wp-block-media-text alignwide is-stacked-on-mobile\" style=\"grid-template-columns:25% auto\"><figure class=\"wp-block-media-text__media\"><a href=\"https:\/\/www.jugulaire.fr\/wordpress\/?page_id=1041\"><img loading=\"lazy\" decoding=\"async\" width=\"1024\" height=\"1024\" src=\"https:\/\/www.jugulaire.fr\/wordpress\/wp-content\/uploads\/2011-1024x1024.png\" alt=\"\" class=\"wp-image-2096 size-full\" srcset=\"https:\/\/www.jugulaire.fr\/wordpress\/wp-content\/uploads\/2011-1024x1024.png 1024w, https:\/\/www.jugulaire.fr\/wordpress\/wp-content\/uploads\/2011-300x300.png 300w, https:\/\/www.jugulaire.fr\/wordpress\/wp-content\/uploads\/2011-150x150.png 150w, https:\/\/www.jugulaire.fr\/wordpress\/wp-content\/uploads\/2011-768x768.png 768w, https:\/\/www.jugulaire.fr\/wordpress\/wp-content\/uploads\/2011-1536x1536.png 1536w, https:\/\/www.jugulaire.fr\/wordpress\/wp-content\/uploads\/2011.png 1944w\" sizes=\"auto, (max-width: 1024px) 100vw, 1024px\" \/><\/a><\/figure><div class=\"wp-block-media-text__content\">\n<p><em>titre <\/em>: <strong><a href=\"https:\/\/www.jugulaire.fr\/wordpress\/?page_id=1041\" data-type=\"page\" data-id=\"1041\" target=\"_blank\" rel=\"noreferrer noopener\">CRYPTE<\/a><\/strong><br><em>ann\u00e9e <\/em>: <strong>2011 <\/strong>(34 ans)<br><em>cr\u00e9dits <\/em>: solo<br><em>dur\u00e9e <\/em>: 24 minutes<br><em>contenu <\/em>: 7 instrumentaux<br><em>style <\/em>: \u00e9lectro et collages<br><em>th\u00e8me <\/em>: faire face \u00e0 ses d\u00e9mons<br><em>symbolique <\/em>: terre<\/p>\n<\/div><\/div>\n\n\n\n<div class=\"wp-block-media-text alignwide is-stacked-on-mobile\" style=\"grid-template-columns:25% auto\"><figure class=\"wp-block-media-text__media\"><a href=\"https:\/\/www.jugulaire.fr\/wordpress\/?page_id=714\"><img loading=\"lazy\" decoding=\"async\" width=\"1024\" height=\"1024\" src=\"https:\/\/www.jugulaire.fr\/wordpress\/wp-content\/uploads\/2009-1024x1024.png\" alt=\"\" class=\"wp-image-2095 size-full\" srcset=\"https:\/\/www.jugulaire.fr\/wordpress\/wp-content\/uploads\/2009-1024x1024.png 1024w, https:\/\/www.jugulaire.fr\/wordpress\/wp-content\/uploads\/2009-300x300.png 300w, https:\/\/www.jugulaire.fr\/wordpress\/wp-content\/uploads\/2009-150x150.png 150w, https:\/\/www.jugulaire.fr\/wordpress\/wp-content\/uploads\/2009-768x768.png 768w, https:\/\/www.jugulaire.fr\/wordpress\/wp-content\/uploads\/2009.png 1199w\" sizes=\"auto, (max-width: 1024px) 100vw, 1024px\" \/><\/a><\/figure><div class=\"wp-block-media-text__content\">\n<p><em>titre <\/em>: <strong><a rel=\"noreferrer noopener\" href=\"https:\/\/www.jugulaire.fr\/wordpress\/?page_id=714\" data-type=\"page\" data-id=\"714\" target=\"_blank\">CON&rsquo;JUG&amp;SON<\/a><\/strong><br><em>ann\u00e9e <\/em>: <strong>2009 <\/strong>(32 ans)<br><em>cr\u00e9dits <\/em>: solo avec Bap, Binome, Berko, Fred, Freddy, Goon, Ga\u00eblle, Kiato, Kim, Mag, Ptiju, Tiph&#8230;<br><em>dur\u00e9e <\/em>: 1h17<br><em>contenu <\/em>: 21 morceaux<br><em>style <\/em>: chansons \u00e9lectro-pop-rock-fran\u00e7aises<br><em>th\u00e8me <\/em>: collaboration<br><em>symbole <\/em>: dualit\u00e9<br><\/p>\n<\/div><\/div>\n\n\n\n<div class=\"wp-block-media-text alignwide is-stacked-on-mobile\" style=\"grid-template-columns:26% auto\"><figure class=\"wp-block-media-text__media\"><a href=\"https:\/\/www.jugulaire.fr\/wordpress\/?page_id=19\"><img loading=\"lazy\" decoding=\"async\" width=\"447\" height=\"333\" src=\"https:\/\/www.jugulaire.fr\/wordpress\/wp-content\/uploads\/2008\/12\/logo-cobaye.png\" alt=\"\" class=\"wp-image-392 size-full\" srcset=\"https:\/\/www.jugulaire.fr\/wordpress\/wp-content\/uploads\/2008\/12\/logo-cobaye.png 447w, https:\/\/www.jugulaire.fr\/wordpress\/wp-content\/uploads\/2008\/12\/logo-cobaye-300x223.png 300w\" sizes=\"auto, (max-width: 447px) 100vw, 447px\" \/><\/a><\/figure><div class=\"wp-block-media-text__content\">\n<p><em>titre <\/em>: <strong><a rel=\"noreferrer noopener\" href=\"https:\/\/www.jugulaire.fr\/wordpress\/?page_id=19\" data-type=\"page\" data-id=\"19\" target=\"_blank\">COBAYE<\/a><\/strong> (et <a href=\"https:\/\/www.jugulaire.fr\/wordpress\/?page_id=998\" data-type=\"page\" data-id=\"998\">Zykofaj<\/a>)<br><em>ann\u00e9e <\/em>: <strong>2004-2006<\/strong><br><em>cr\u00e9dits <\/em>: avec Ga\u00eblle, Fred, Kiato, Ana\u00efs&#8230;<br><em>contenu <\/em>: 79 enregistrements<br><em>dur\u00e9e <\/em>: 2h33<br><em>style <\/em>: r\u00e9p\u00e8tes &amp; live<br><em>th\u00e8me <\/em>: groupe de rock<\/p>\n<\/div><\/div>\n\n\n\n<div class=\"wp-block-media-text alignwide is-stacked-on-mobile\" style=\"grid-template-columns:25% auto\"><figure class=\"wp-block-media-text__media\"><a href=\"https:\/\/www.jugulaire.fr\/wordpress\/?page_id=4\"><img loading=\"lazy\" decoding=\"async\" width=\"1024\" height=\"1024\" src=\"https:\/\/www.jugulaire.fr\/wordpress\/wp-content\/uploads\/2005-1024x1024.png\" alt=\"\" class=\"wp-image-2094 size-full\" srcset=\"https:\/\/www.jugulaire.fr\/wordpress\/wp-content\/uploads\/2005-1024x1024.png 1024w, https:\/\/www.jugulaire.fr\/wordpress\/wp-content\/uploads\/2005-300x300.png 300w, https:\/\/www.jugulaire.fr\/wordpress\/wp-content\/uploads\/2005-150x150.png 150w, https:\/\/www.jugulaire.fr\/wordpress\/wp-content\/uploads\/2005-768x768.png 768w, https:\/\/www.jugulaire.fr\/wordpress\/wp-content\/uploads\/2005.png 1199w\" sizes=\"auto, (max-width: 1024px) 100vw, 1024px\" \/><\/a><\/figure><div class=\"wp-block-media-text__content\">\n<p><em>titre <\/em>: <strong><a rel=\"noreferrer noopener\" href=\"https:\/\/www.jugulaire.fr\/wordpress\/?page_id=4\" data-type=\"page\" data-id=\"4\" target=\"_blank\">MANUFACTURED BY JUG<\/a><\/strong><br><em>ann\u00e9e <\/em>: <strong>2005 <\/strong>(28 ans)<br><em>cr\u00e9dits <\/em>: solo<br><em>dur\u00e9e <\/em>: 1h15<br><em>contenu <\/em>: 21 morceaux<br> <em>style <\/em>: chansons \u00e9lectro-pop-rock-fran\u00e7aises<br><em>th\u00e8me <\/em>: introspection<br><em>symbole <\/em>: miroir<\/p>\n<\/div><\/div>\n\n\n\n<div class=\"wp-block-media-text alignwide is-stacked-on-mobile\" style=\"grid-template-columns:25% auto\"><figure class=\"wp-block-media-text__media\"><a href=\"https:\/\/www.jugulaire.fr\/wordpress\/?page_id=1710\"><img loading=\"lazy\" decoding=\"async\" width=\"700\" height=\"899\" src=\"https:\/\/www.jugulaire.fr\/wordpress\/wp-content\/uploads\/2000.png\" alt=\"\" class=\"wp-image-2093 size-full\" srcset=\"https:\/\/www.jugulaire.fr\/wordpress\/wp-content\/uploads\/2000.png 700w, https:\/\/www.jugulaire.fr\/wordpress\/wp-content\/uploads\/2000-234x300.png 234w\" sizes=\"auto, (max-width: 700px) 100vw, 700px\" \/><\/a><\/figure><div class=\"wp-block-media-text__content\">\n<p><em>titre <\/em>: <strong><a rel=\"noreferrer noopener\" href=\"https:\/\/www.jugulaire.fr\/wordpress\/?page_id=1710\" data-type=\"page\" data-id=\"1710\" target=\"_blank\">ILION<\/a><\/strong><br><em>ann\u00e9e <\/em>: <strong>2000 <\/strong>(23 ans)<br><em>cr\u00e9dits <\/em>: \u0153uvre tr\u00e8s collective (Mag, Arnaud, Freddy, Binome, Tonio&#8230;)<br><em>dur\u00e9e <\/em>: 1h37<br><em>contenu <\/em>: 46 sc\u00e8nes adapt\u00e9es de \u00ab\u00a0La guerre de Troie\u00a0\u00bb selon Hom\u00e8re<br><em>style <\/em>: quasiment toutes des chansons<br><em>th\u00e8me <\/em>: les sentiments<br><em>symbole <\/em>: ann\u00e9es \u00e9tudiantes<\/p>\n<\/div><\/div>\n\n\n\n<div class=\"wp-block-media-text alignwide is-stacked-on-mobile\" style=\"grid-template-columns:25% auto\"><figure class=\"wp-block-media-text__media\"><a href=\"https:\/\/www.jugulaire.fr\/wordpress\/?page_id=743\"><img loading=\"lazy\" decoding=\"async\" width=\"500\" height=\"333\" src=\"https:\/\/www.jugulaire.fr\/wordpress\/wp-content\/uploads\/3116772852_183bb636f7.jpg\" alt=\"\" class=\"wp-image-2136 size-full\" srcset=\"https:\/\/www.jugulaire.fr\/wordpress\/wp-content\/uploads\/3116772852_183bb636f7.jpg 500w, https:\/\/www.jugulaire.fr\/wordpress\/wp-content\/uploads\/3116772852_183bb636f7-300x200.jpg 300w\" sizes=\"auto, (max-width: 500px) 100vw, 500px\" \/><\/a><\/figure><div class=\"wp-block-media-text__content\">\n<p><br><em>titre <\/em>: <a href=\"https:\/\/www.jugulaire.fr\/wordpress\/?page_id=743\" data-type=\"page\" data-id=\"743\">Dust (Vacuum Cleaner) + Got to Know (FMR)<\/a><br><em>ann\u00e9es <\/em>: 1997-1998<br><em>cr\u00e9dits <\/em>: collectif<br><em>dur\u00e9e <\/em>: 9min et 4:21<br><em>contenu <\/em>: 2 chansons<br><em>style <\/em>: groupe pop-rock \u00e9tudiant<br><\/p>\n<\/div><\/div>\n\n\n\n<div class=\"wp-block-media-text alignwide is-stacked-on-mobile\" style=\"grid-template-columns:23% auto\"><figure class=\"wp-block-media-text__media\"><a href=\"https:\/\/www.jugulaire.fr\/wordpress\/?page_id=20\"><img loading=\"lazy\" decoding=\"async\" width=\"709\" height=\"709\" src=\"https:\/\/www.jugulaire.fr\/wordpress\/wp-content\/uploads\/1997.png\" alt=\"\" class=\"wp-image-2092 size-full\" srcset=\"https:\/\/www.jugulaire.fr\/wordpress\/wp-content\/uploads\/1997.png 709w, https:\/\/www.jugulaire.fr\/wordpress\/wp-content\/uploads\/1997-300x300.png 300w, https:\/\/www.jugulaire.fr\/wordpress\/wp-content\/uploads\/1997-150x150.png 150w\" sizes=\"auto, (max-width: 709px) 100vw, 709px\" \/><\/a><\/figure><div class=\"wp-block-media-text__content\">\n<p><em>titre <\/em>: <strong><a rel=\"noreferrer noopener\" href=\"https:\/\/www.jugulaire.fr\/wordpress\/?page_id=20\" data-type=\"page\" data-id=\"20\" target=\"_blank\">BROUILLONS LES PISTES<\/a><\/strong><br><em>ann\u00e9e <\/em>: <strong>1997 <\/strong>(19 ans)<br><em>cr\u00e9dits <\/em>: solo<br><em>dur\u00e9e <\/em>: 1h16<br><em>contenu <\/em>: 40 morceaux en 6 groupes<br><em>style <\/em>: instrumentaux \u00e9lectro <a rel=\"noreferrer noopener\" href=\"https:\/\/www.jugulaire.fr\/wordpress\/?page_id=952\" data-type=\"page\" data-id=\"952\" target=\"_blank\">SY85<\/a><br><em>th\u00e8me <\/em>: cr\u00e9er de la musique<br><em>symbole <\/em>: r\u00eaveries adolescentes<\/p>\n<\/div><\/div>\n\n\n\n<div class=\"wp-block-media-text alignwide is-stacked-on-mobile\" style=\"grid-template-columns:21% auto\"><figure class=\"wp-block-media-text__media\"><a href=\"https:\/\/www.jugulaire.fr\/wordpress\/?page_id=1344\"><img loading=\"lazy\" decoding=\"async\" width=\"1024\" height=\"1024\" src=\"https:\/\/www.jugulaire.fr\/wordpress\/wp-content\/uploads\/1992-2010-1024x1024.png\" alt=\"\" class=\"wp-image-2091 size-full\" srcset=\"https:\/\/www.jugulaire.fr\/wordpress\/wp-content\/uploads\/1992-2010-1024x1024.png 1024w, https:\/\/www.jugulaire.fr\/wordpress\/wp-content\/uploads\/1992-2010-300x300.png 300w, https:\/\/www.jugulaire.fr\/wordpress\/wp-content\/uploads\/1992-2010-150x150.png 150w, https:\/\/www.jugulaire.fr\/wordpress\/wp-content\/uploads\/1992-2010-768x768.png 768w, https:\/\/www.jugulaire.fr\/wordpress\/wp-content\/uploads\/1992-2010.png 1199w\" sizes=\"auto, (max-width: 1024px) 100vw, 1024px\" \/><\/a><\/figure><div class=\"wp-block-media-text__content\">\n<p class=\"has-text-align-left\"><em>titre <\/em>: <strong><a href=\"https:\/\/www.jugulaire.fr\/wordpress\/?page_id=1344\" data-type=\"page\" data-id=\"1344\" target=\"_blank\" rel=\"noreferrer noopener\">Balises &amp; heures<\/a><\/strong><br><em>3 p\u00e9riodes :<\/em><br>&gt; 1994-2000<br>&gt; 2001-2005<br>&gt; 2006-2010<br><em>cr\u00e9dits <\/em>: solo<br><em>dur\u00e9e <\/em>: 1h58<br><em>contenu <\/em>: 64 morceaux<br><em>style <\/em>: d\u00e9mos et inachev\u00e9es<br><em>th\u00e8me <\/em>: chutes d&rsquo;albums<br><em>symbole <\/em>: les miettes<\/p>\n<\/div><\/div>\n\n\n\n<p><\/p>\n","protected":false},"excerpt":{"rendered":"<p>titre : QUADRATUREann\u00e9e : 2025 (48 ans)cr\u00e9dits : solocontenu : pour le moment 5 chansons (1\u00e8re partie sur 16 en cible ?)dur\u00e9e : 19 minutesstyle : &#8230;th\u00e8me : &#8230;symbole : quatrepochette album : (temporaire) titre : GRENIERann\u00e9e : 2021 (44 ans)cr\u00e9dits : solocontenu : 7 chansons + 1 instrumentaldur\u00e9e : 24 minutesstyle : songwriting catharsis &hellip; <a href=\"https:\/\/www.jugulaire.fr\/wordpress\/\" class=\"more-link\">Continuer la lecture de <span class=\"screen-reader-text\">Discographie<\/span> <span class=\"meta-nav\">&rarr;<\/span><\/a><\/p>\n","protected":false},"author":1,"featured_media":0,"parent":0,"menu_order":0,"comment_status":"closed","ping_status":"closed","template":"","meta":{"footnotes":""},"class_list":["post-2090","page","type-page","status-publish","hentry"],"_links":{"self":[{"href":"https:\/\/www.jugulaire.fr\/wordpress\/wp-json\/wp\/v2\/pages\/2090","targetHints":{"allow":["GET"]}}],"collection":[{"href":"https:\/\/www.jugulaire.fr\/wordpress\/wp-json\/wp\/v2\/pages"}],"about":[{"href":"https:\/\/www.jugulaire.fr\/wordpress\/wp-json\/wp\/v2\/types\/page"}],"author":[{"embeddable":true,"href":"https:\/\/www.jugulaire.fr\/wordpress\/wp-json\/wp\/v2\/users\/1"}],"replies":[{"embeddable":true,"href":"https:\/\/www.jugulaire.fr\/wordpress\/wp-json\/wp\/v2\/comments?post=2090"}],"version-history":[{"count":40,"href":"https:\/\/www.jugulaire.fr\/wordpress\/wp-json\/wp\/v2\/pages\/2090\/revisions"}],"predecessor-version":[{"id":2976,"href":"https:\/\/www.jugulaire.fr\/wordpress\/wp-json\/wp\/v2\/pages\/2090\/revisions\/2976"}],"wp:attachment":[{"href":"https:\/\/www.jugulaire.fr\/wordpress\/wp-json\/wp\/v2\/media?parent=2090"}],"curies":[{"name":"wp","href":"https:\/\/api.w.org\/{rel}","templated":true}]}}