{"id":1315,"date":"2016-08-01T21:21:34","date_gmt":"2016-08-01T20:21:34","guid":{"rendered":"http:\/\/www.jugulaire.fr\/wordpress\/?page_id=1315"},"modified":"2016-09-03T13:14:02","modified_gmt":"2016-09-03T12:14:02","slug":"loiseau-qui-a-le-vertige","status":"publish","type":"page","link":"https:\/\/www.jugulaire.fr\/wordpress\/loiseau-qui-a-le-vertige\/","title":{"rendered":"L\u2019oiseau qui a le vertige"},"content":{"rendered":"<p>[wonderplugin_audio id=\u00a0\u00bb13&Prime;]<\/p>\n<table style=\"border-collapse: collapse;\" border=\"0\" cellspacing=\"0\" cellpadding=\"0\">\n<tbody>\n<tr>\n<td>20<\/td>\n<td>L&rsquo;oiseau qui a le vertige I &#8211; (Pr\u00e9paration au d\u00e9part)<\/td>\n<td>1:13<\/td>\n<\/tr>\n<tr>\n<td>21<\/td>\n<td>L&rsquo;oiseau qui a le vertige II &#8211; (H\u00e9sitation au d\u00e9part)<\/td>\n<td>1:12<\/td>\n<\/tr>\n<tr>\n<td>22<\/td>\n<td>L&rsquo;oiseau qui a le vertige III &#8211; (R\u00e9signation au d\u00e9part)<\/td>\n<td>1:24<\/td>\n<\/tr>\n<tr>\n<td>23<\/td>\n<td>L&rsquo;oiseau qui a le vertige IV &#8211; (A propos d&rsquo;autre chose)<\/td>\n<td>2:35<\/td>\n<\/tr>\n<tr>\n<td>24<\/td>\n<td>L&rsquo;oiseau qui a le vertige V &#8211; (Sans offense)<\/td>\n<td>0:55<\/td>\n<\/tr>\n<tr>\n<td>25<\/td>\n<td>L&rsquo;oiseau qui a le vertige VI &#8211; (Cogito ergo sum)<\/td>\n<td>3:13<\/td>\n<\/tr>\n<tr>\n<td>26<\/td>\n<td>L&rsquo;oiseau qui a le vertige VII &#8211; (Boite de Pandore)<\/td>\n<td>2:52<\/td>\n<\/tr>\n<tr>\n<td>27<\/td>\n<td>L&rsquo;oiseau qui a le vertige VIII &#8211; (Boite \u00e0 gants)<\/td>\n<td>3:08<\/td>\n<\/tr>\n<\/tbody>\n<\/table>\n<p>&nbsp;<\/p>\n","protected":false},"excerpt":{"rendered":"<p>[wonderplugin_audio id=\u00a0\u00bb13&Prime;] 20 L&rsquo;oiseau qui a le vertige I &#8211; (Pr\u00e9paration au d\u00e9part) 1:13 21 L&rsquo;oiseau qui a le vertige II &#8211; (H\u00e9sitation au d\u00e9part) 1:12 22 L&rsquo;oiseau qui a le vertige III &#8211; (R\u00e9signation au d\u00e9part) 1:24 23 L&rsquo;oiseau qui a le vertige IV &#8211; (A propos d&rsquo;autre chose) 2:35 24 L&rsquo;oiseau qui a &hellip; <a href=\"https:\/\/www.jugulaire.fr\/wordpress\/loiseau-qui-a-le-vertige\/\" class=\"more-link\">Continuer la lecture de <span class=\"screen-reader-text\">L\u2019oiseau qui a le vertige<\/span> <span class=\"meta-nav\">&rarr;<\/span><\/a><\/p>\n","protected":false},"author":1,"featured_media":0,"parent":0,"menu_order":0,"comment_status":"closed","ping_status":"closed","template":"","meta":{"footnotes":""},"class_list":["post-1315","page","type-page","status-publish","hentry"],"_links":{"self":[{"href":"https:\/\/www.jugulaire.fr\/wordpress\/wp-json\/wp\/v2\/pages\/1315","targetHints":{"allow":["GET"]}}],"collection":[{"href":"https:\/\/www.jugulaire.fr\/wordpress\/wp-json\/wp\/v2\/pages"}],"about":[{"href":"https:\/\/www.jugulaire.fr\/wordpress\/wp-json\/wp\/v2\/types\/page"}],"author":[{"embeddable":true,"href":"https:\/\/www.jugulaire.fr\/wordpress\/wp-json\/wp\/v2\/users\/1"}],"replies":[{"embeddable":true,"href":"https:\/\/www.jugulaire.fr\/wordpress\/wp-json\/wp\/v2\/comments?post=1315"}],"version-history":[{"count":3,"href":"https:\/\/www.jugulaire.fr\/wordpress\/wp-json\/wp\/v2\/pages\/1315\/revisions"}],"predecessor-version":[{"id":1826,"href":"https:\/\/www.jugulaire.fr\/wordpress\/wp-json\/wp\/v2\/pages\/1315\/revisions\/1826"}],"wp:attachment":[{"href":"https:\/\/www.jugulaire.fr\/wordpress\/wp-json\/wp\/v2\/media?parent=1315"}],"curies":[{"name":"wp","href":"https:\/\/api.w.org\/{rel}","templated":true}]}}